{"id":5,"date":"2010-02-02T01:28:06","date_gmt":"2010-02-02T01:28:06","guid":{"rendered":"http:\/\/siatoolkit.com\/francais\/?page_id=5"},"modified":"2010-05-06T14:29:23","modified_gmt":"2010-05-06T18:29:23","slug":"outlin","status":"publish","type":"page","link":"http:\/\/siatoolkit.com\/francais\/","title":{"rendered":"Aper\u00e7u"},"content":{"rendered":"<h3>Premi\u00e8re section<\/h3>\n<h4>Qu\u2019est-ce que l\u2019inclusion sociale et pourquoi est-elle importante ?<\/h4>\n<p>Les v\u00e9rifications sociales sont des outils d\u2019\u00e9valuation utilis\u00e9s dans diff\u00e9rents milieux comme moyen de formaliser, d\u2019informer et d\u2019orienter le processus d\u2019\u00e9limination des obstacles \u00e0 l\u2019inclusion de mani\u00e8re exhaustive et structur\u00e9e.<\/p>\n<h3>Deuxi\u00e8me section<\/h3>\n<h4>L\u2019outil de v\u00e9rification<\/h4>\n<p>L\u2019outil de v\u00e9rification est compos\u00e9 de 12 questions formul\u00e9es sous forme d\u2019\u00e9nonc\u00e9s. En r\u00e9pondant \u00e0 ces questions, une institution recevra une note allant de 0 \u00e0 4 qui donnera une \u00e9valuation de la capacit\u00e9 de la biblioth\u00e8que \u00e0 satisfaire aux exigences stipul\u00e9es dans les 12 \u00e9nonc\u00e9s d\u2019inclusion sociale.<\/p>\n<h3>Troisi\u00e8me section<\/h3>\n<h4>Comment favoriser le travail d\u2019inclusion sociale<\/h4>\n<p>Cette section de la trousse de v\u00e9rification de l\u2019inclusion sociale est con\u00e7ue pour fournir des renseignements de r\u00e9f\u00e9rence et des outils visant \u00e0 aider les biblioth\u00e8ques \u00e0 d\u00e9velopper ou \u00e0 raffiner leurs pratiques d\u2019inclusion. Cette section est divis\u00e9e en 12 chapitres fond\u00e9s sur les 12 \u00e9nonc\u00e9s dans l\u2019outil de v\u00e9rification.<\/p>\n<h4>Indicateurs de r\u00e9ceptivit\u00e9<\/h4>\n<p>Comme premier mode d\u2019action, le travail d\u2019inclusion sociale exige que les biblioth\u00e8ques soient r\u00e9ceptives \u00e0 l\u2019id\u00e9e de comprendre leurs communaut\u00e9s et de les engager. Ces derni\u00e8res devraient aussi s\u2019attaquer aux obstacles, valeurs et comportements qui m\u00e8nent \u00e0 l\u2019exclusion. Ce travail se refl\u00e8te dans les questions de la v\u00e9rification qui sont ax\u00e9es sur \u00ab les indicateurs de r\u00e9ceptivit\u00e9&nbsp;\u00bb.<\/p>\n<h4>Indicateurs d\u2019intentionnalit\u00e9<\/h4>\n<p>Le deuxi\u00e8me niveau de travail n\u00e9cessaire \u00e0 l\u2019\u00e9limination des obstacles \u00e0 l\u2019inclusion comprend un engagement soutenu aupr\u00e8s de la communaut\u00e9, de m\u00eame que l\u2019\u00e9laboration, la mise en \u0153uvre et l\u2019\u00e9valuation de syst\u00e8mes, programmes, politiques et proc\u00e9dures. Il n\u00e9cessite aussi l\u2019offre d\u2019un acc\u00e8s \u00e9quitable aux services et aux occasions de processus d\u00e9cisionnel. Ce travail est refl\u00e9t\u00e9 dans les questions de la trousse qui sont ax\u00e9es sur \u00ab l\u2019indicateur d\u2019intentionnalit\u00e9 \u00bb.<\/p>\n<p>\u00c9tant donn\u00e9 que le concept \u00ab d\u2019intentionnalit\u00e9 \u00bb est crucial \u00e0 l\u2019\u00e9limination des obstacles \u00e0 l\u2019inclusion, la v\u00e9rification de l\u2019inclusion sociale du CBUC\/CULC y met l\u2019accent. Il est extr\u00eamement important qu\u2019une biblioth\u00e8que puisse souligner l\u2019actualit\u00e9 de l\u2019inclusion sociale en l\u2019int\u00e9grant syst\u00e9matiquement \u00e0 son cadre strat\u00e9gique et op\u00e9rationnel. Il est \u00e9galement n\u00e9cessaire de rappeler constamment ce travail aux administrateurs, aux membres du personnel et aux b\u00e9n\u00e9voles. Ces deux processus renforceront la capacit\u00e9 de la biblioth\u00e8que \u00e0 \u00e9liminer efficacement les obstacles \u00e0 l\u2019inclusion.<\/p>\n<h4>Indicateurs d\u2019inclusion<\/h4>\n<p>Les recherches qui ont soutenu le d\u00e9veloppement de la trousse de v\u00e9rification d\u2019inclusion sociale du CBUC\/CULC affirment que si la biblioth\u00e8que traite efficacement les points de mire dans les indicateurs de r\u00e9ceptivit\u00e9 et d\u2019intentionnalit\u00e9, elle sera mieux en mesure de d\u00e9montrer l\u2019inclusion par des r\u00e9sultats concrets et mesurables.<\/p>\n<h3>Quatri\u00e8me section<\/h3>\n<h4>R\u00e9f\u00e9rences et annexes<\/h4>\n<p>Cette section contient l\u2019outil de v\u00e9rification.<\/p>\n","protected":false},"excerpt":{"rendered":"<p>Premi\u00e8re section Qu\u2019est-ce que l\u2019inclusion sociale et pourquoi est-elle importante ? Les v\u00e9rifications sociales sont des outils d\u2019\u00e9valuation utilis\u00e9s dans diff\u00e9rents milieux comme moyen de formaliser, d\u2019informer et d\u2019orienter le processus d\u2019\u00e9limination des obstacles \u00e0 l\u2019inclusion de mani\u00e8re exhaustive et structur\u00e9e. Deuxi\u00e8me section L\u2019outil de v\u00e9rification L\u2019outil de v\u00e9rification est compos\u00e9 de 12 questions formul\u00e9es [&hellip;]<\/p>\n","protected":false},"author":1,"featured_media":0,"parent":0,"menu_order":0,"comment_status":"open","ping_status":"open","template":"","meta":[],"_links":{"self":[{"href":"http:\/\/siatoolkit.com\/francais\/wp-json\/wp\/v2\/pages\/5"}],"collection":[{"href":"http:\/\/siatoolkit.com\/francais\/wp-json\/wp\/v2\/pages"}],"about":[{"href":"http:\/\/siatoolkit.com\/francais\/wp-json\/wp\/v2\/types\/page"}],"author":[{"embeddable":true,"href":"http:\/\/siatoolkit.com\/francais\/wp-json\/wp\/v2\/users\/1"}],"replies":[{"embeddable":true,"href":"http:\/\/siatoolkit.com\/francais\/wp-json\/wp\/v2\/comments?post=5"}],"version-history":[{"count":9,"href":"http:\/\/siatoolkit.com\/francais\/wp-json\/wp\/v2\/pages\/5\/revisions"}],"predecessor-version":[{"id":301,"href":"http:\/\/siatoolkit.com\/francais\/wp-json\/wp\/v2\/pages\/5\/revisions\/301"}],"wp:attachment":[{"href":"http:\/\/siatoolkit.com\/francais\/wp-json\/wp\/v2\/media?parent=5"}],"curies":[{"name":"wp","href":"https:\/\/api.w.org\/{rel}","templated":true}]}}